3955836 and 12?
4
Calculate the highest common factor of 1475318537 and 22.
11
Calculate the greatest common divisor of 333450 and 244998.
702
What is the highest common factor of 554775 and 351?
39
Calculate the highest common divisor of 22311331 and 2933.
2933
Calculate the highest common divisor of 230 and 23597310.
230
What is the highest common divisor of 29644940 and 17290?
2470
What is the greatest common divisor of 381 and 3085973?
127
Calculate the highest common factor of 304 and 31607376.
16
Calculate the highest common divisor of 7166009 and 1381.
1381
Calculate the highest common factor of 48 and 61064616.
24
Calculate the greatest common factor of 84726168 and 11920.
1192
What is the highest common divisor of 27500 and 387508?
44
What is the highest common factor of 747580270 and 551?
551
What is the greatest common factor of 328587 and 329?
7
Calculate the highest common factor of 24175940 and 80.
20
What is the highest common divisor of 20677 and 4651426?
899
Calculate the highest common divisor of 662135 and 243865.
755
Calculate the greatest common divisor of 2879191 and 2205.
49
Calculate the highest common divisor of 4798192401 and 747.
747
What is the highest common factor of 102578760 and 15408?
7704
Calculate the greatest common divisor of 5641194 and 128154.
2418
Calculate the highest common divisor of 189 and 4021.
1
Calculate the greatest common factor of 18276 and 83857903.
1523
Calculate the greatest common divisor of 1 and 137665793.
1
Calculate the greatest common factor of 4845 and 3587.
17
What is the highest common divisor of 190188 and 7061610?
3522
What is the greatest common factor of 41486102 and 142632?
3962
What is the greatest common factor of 4146 and 16350?
6
What is the highest common factor of 2948573 and 2?
1
What is the greatest common factor of 2407636 and 301?
7
Calculate the greatest common divisor of 430015012 and 1736.
868
What is the highest common factor of 40 and 20087976?
8
What is the greatest common factor of 375184 and 158952?
1432
Calculate the highest common divisor of 56298 and 1056.
66
What is the greatest common factor of 17836 and 894593?
49
Calculate the highest common factor of 10113317 and 153.
17
Calculate the greatest common divisor of 681789255 and 2660.
665
Calculate the highest common factor of 156420 and 559944.
396
Calculate the highest common divisor of 755629 and 2058.
343
What is the greatest common divisor of 25749 and 54729?
9
What is the highest common divisor of 4 and 1270790?
2
Calculate the greatest common factor of 6880 and 485840.
80
What is the highest common factor of 1043016 and 2496?
312
Calculate the highest common factor of 1568 and 44039648.
32
Calculate the highest common divisor of 13130516 and 112.
28
What is the greatest common factor of 13365391 and 416?
13
What is the greatest common factor of 34075 and 4201375?
725
What is the highest common factor of 856 and 33175243?
107
What is the highest common factor of 58 and 6420658?
58
Calculate the highest common factor of 838231 and 4362.
727
What is the greatest common factor of 76140 and 551880?
540
What is the greatest common factor of 1575 and 222064675?
175
Calculate the highest common factor of 8821858 and 1566.
58
Calculate the greatest common divisor of 25611850 and 550.
550
What is the greatest common factor of 76 and 1666850164?
76
Calculate the highest common divisor of 39150 and 24273.
783
Calculate the highest common factor of 128583 and 6280.
157
Calculate the highest common factor of 67474644 and 76.
4
Calculate the greatest common factor of 58145 and 2143345.
2005
What is the greatest common factor of 4166105 and 64345?
85
What is the highest common divisor of 91728504 and 112?
56
Calculate the greatest common divisor of 11226256 and 9536.
2384
Calculate the greatest common factor of 105 and 2041035.
15
Calculate the highest common divisor of 1424 and 7328171.
89
What is the highest common divisor of 176825 and 86835221?
7073
What is the highest common factor of 1488 and 4584249?
93
Calculate the highest common factor of 76309134 and 66.
66
Calculate the highest common divisor of 1682 and 219878.
58
What is the highest common divisor of 22 and 4181111?
11
What is the highest common factor of 14609 and 61994335?
2087
Calculate the highest common divisor of 2930609 and 35768.
263
What is the greatest common factor of 1339424 and 15200?
608
Calculate the highest common divisor of 148 and 1587892.
148
Calculate the highest common divisor of 2045058792 and 6936.
6936
Calculate the highest common factor of 32 and 703033280.
32
Calculate the highest common divisor of 346608241 and 76.
19
Calculate the greatest common factor of 1224 and 21993696.
72
Calculate the highest common divisor of 19524 and 1100.
4
What is the greatest common divisor of 29640 and 508248?
312
Calculate the greatest common factor of 798106 and 5043.
41
Calculate the highest common factor of 20 and 2981265.
5
What is the highest common divisor of 18753 and 17157867?
141
Calculate the highest common factor of 5503 and 496981433.
5503
Calculate the highest common divisor of 14459061 and 34.
17
What is the greatest common factor of 331794 and 126?
18
What is the greatest common divisor of 12127 and 7815218?
181
What is the highest common factor of 41250 and 143385?
165
What is the greatest common divisor of 14321543 and 593?
593
What is the greatest common factor of 739168 and 160?
32
Calculate the highest common divisor of 499692 and 9948.
12
Calculate the greatest common divisor of 2591824 and 644.
92
What is the highest common divisor of 2970799 and 91?
13
What is the greatest common factor of 85725 and 6702425?
3175
What is the greatest common divisor of 263910 and 247144770?
13890
What is the highest common divisor of 1312523867 and 7554?
1259
Calculate the greatest common divisor of 24 and 1356648.
24
Calculate the greatest common divisor of 82 and 614723988.
82
Calculate the highest common factor of 55752 and 445832.
184
Calculate the greatest common divisor of 3502278 and 3510.
702
Calculate the greatest common factor of 228 and 13771614.
6
Calculate the greatest common divisor of 67309 and 1148719.
319
What is the highest common divisor of 28285532 and 44?
44
Calculate the greatest common divisor of 44057 and 3484.
13
Calculate the greatest common divisor of 6765 and 60415960.
2255
Calculate the highest common factor of 21852594 and 36.
18
What is the greatest common divisor of 83730185 and 231?
77
Calculate the greatest common divisor of 644 and 6088100.
92
What is the highest common factor of 4364 and 28865678?
2182
What is the highest common divisor of 17138470 and 50?
10
What is the greatest common divisor of 124015 and 17255?
85
Calculate the greatest common divisor of 36882 and 2106.
54
Calculate the greatest common divisor of 6160 and 481600.
560
What is the highest common divisor of 77760 and 16560?
720
What is the highest common divisor of 57512 and 52222950?
2054
Calculate the greatest common factor of 4349387 and 226625.
1813
Calculate the greatest common factor of 430212 and 372.
12
Calculate the greatest common factor of 18735 and 1715.
5
Calculate the highest common divisor of 4812054 and 273.
39
What is the highest common divisor of 106722 and 791406?
1386
What is the highest common factor of 29324187 and 162?
81
What is the highest common divisor of 44 and 3247022636?
44
Calculate the greatest common divisor of 16 and 6220624.
16
What is the greatest common factor of 15357 and 3342?
3
Calculate the greatest common factor of 19755 and 93015.
45
Calculate the greatest common divisor of 119107865 and 969.
323
Calculate the greatest common divisor of 62105891 and 89.
89
Calculate the greatest common divisor of 12 and 513268.
4
What is the highest common divisor of 611 and 10280733?
47
Calculate the greatest common factor of 8064630 and 612.
306
What is the highest common divisor of 250 and 71690370?
10
What is the highest common factor of 39881 and 4355425?
2099
What is the greatest common factor of 49 and 1390305?
7
What is the highest common factor of 5097194 and 1036?
74
What is the highest common divisor of 82720 and 748880?
880
What is the greatest common factor of 20 and 147505628?
4
Calculate 